 when 3 is divided by x?
0
Let i = -4 - -7. Let r = i + -1. What is the remainder when 5 is divided by ((-4)/(-3))/(r/3)?
1
Let j(n) = -n**3 - 8*n**2 + 12*n - 13. What is the remainder when j(-10) is divided by 35?
32
Let t(x) = -12*x + 19. What is the remainder when t(-8) is divided by 30?
25
Let l(q) = -6*q + 6. What is the remainder when l(-2) is divided by 10?
8
Let k be (0/(-7))/((-2)/(-1)). Let h = 27 + k. Calculate the remainder when h is divided by 10.
7
Suppose 13*q = 14*q - 31. Let l(t) = t**2 + t - 4. What is the remainder when q is divided by l(3)?
7
Suppose 2*j + 0*u + u = 24, 22 = 2*j + 2*u. Let t(y) = y**2 + 6*y + 7. What is the remainder when j is divided by t(-6)?
6
Let s(v) = v. Let d be s(-2). Let p be ((-3)/6)/(-1)*d. Calculate the remainder when ((-82)/4)/(p/2) is divided by 21.
20
Let p(a) = 2*a + 2. Let s be p(0). Suppose 0 = s*i - 4*i + 12. What is the remainder when 15 is divided by i?
3
Let f be ((-28)/(-10))/(9/45). Suppose -2*a = -4*a + f. What is the remainder when 11 is divided by a?
4
Let x = -3 - -7. Suppose 0 = 3*y + 3*z + z - 17, -y - 3*z = -4. Calculate the remainder when y is divided by x.
3
Let k(c) = c**2 + 6*c + 8. Suppose -4*t + 0*t - 40 = 0. What is the remainder when k(t) is divided by 17?
14
Let j(d) = d**3 + 2*d - 1. Let l be j(1). Suppose 4*p = -h + l*p + 6, 21 = h - p. What is the remainder when 30 is divided by h?
14
Let x(h) = h**3 + 13*h**2 + 20*h - 13. What is the remainder when x(-10) is divided by 18?
15
Calculate the remainder when 2/(-6)*123*-1 is divided by 14.
13
Let v(s) = 2*s**2 + 26*s + 56. What is the remainder when v(-15) is divided by 20?
16
Suppose 0 = n + 5, -2*h + 7*h - 2*n = 20. Suppose h = s - 3. Calculate the remainder when 8 is divided by s.
3
Suppose 284 + 70 = 3*w. Let c be (0 - 1)/((-2)/w). Let t = c + -37. What is the remainder when 42 is divided by t?
20
Let u(h) = h**3 + 11*h**2 + 19*h + 15. Suppose -22 = 2*n - 66. What is the remainder when n is divided by u(-9)?
4
Let p be (-4)/6*(-15)/2. Suppose -k = 3*z - 16, 13 - 3 = p*z. Calculate the remainder when k is divided by 3.
1
Let v = 8 - 5. Let x be -2*2*(-75)/20. Let b = -11 + x. What is the remainder when b is divided by v?
1
Let l = 8 - 6. What is the remainder when (-18)/(l + 5/(-2)) is divided by 19?
17
Let h be (-930)/(-39) + (-4)/(-26). Suppose k - 4*k + h = 0. What is the remainder when k is divided by 5?
3
Suppose -2*h - 18 = -5*h - 2*s, -s - 17 = -5*h. Calculate the remainder when 10 is divided by h.
2
Let l(s) = -55*s - 1. Calculate the remainder when l(-1) is divided by 14.
12
Let c(b) = b + 12. Let j be 10/(-25) + 4/10. Calculate the remainder when 35 is divided by c(j).
11
Suppose 2*n = 20 + 20. Calculate the remainder when 57 is divided by n.
17
Suppose -3*p = -1 - 77. Suppose 246 = 6*a - 216. What is the remainder when a is divided by p?
25
Let k(x) = x + 6. Let q be k(-8). Calculate the remainder when (128/(-6))/2*-3 is divided by (2/6)/(q/(-66)).
10
Let h(s) = 5*s + 9. Suppose 0 = -3*t - 2*y + 94, 2*y + 3*y = 5*t - 115. Suppose 5*k - t = -3. What is the remainder when h(0) is divided by k?
4
Suppose 4*c = 5*z - 1, -z + 1 - 2 = -c. Let k = 49 + -32. Calculate the remainder when k is divided by c.
5
Suppose 0 = -4*o + 169 - 9. Let b = 9 - -5. Calculate the remainder when o is divided by b.
12
Let r(s) = 9*s**2 + 9*s - 35. Let d(p) = -4*p**2 - 4*p + 17. Let a(c) = 7*d(c) + 3*r(c). Calculate the remainder when 53 is divided by a(0).
11
Let s(n) = 2 - 2*n**2 - 5 - 5*n**2 - 2 + n**3 - 6*n. Calculate the remainder when s(8) is divided by 4.
3
Let z = -15 + 20. Suppose 2*b - z + 31 = 2*f, -3*b + 46 = 2*f. What is the remainder when 49 is divided by f?
15
Let z = 34 + -14. Let f = z + 0. Suppose 14 = -3*p + 5*p. What is the remainder when f is divided by p?
6
Suppose r = 2*r - 7. Let f(g) = 4*g**2 - 2*g - 1. What is the remainder when f(2) is divided by r?
4
Let f(n) = 4*n - 5. What is the remainder when 41 is divided by f(3)?
6
Let r = -6 - -9. Suppose 5*v = -f + 1022, 8*f - 418 = -2*v + r*f. Suppose 5*x + 3*h - v = 0, 3*x - h = 38 + 76. Calculate the remainder when x is divided by 10.
9
Suppose 2*j - 2*b = 24, 3*b - 6 = -3*j + 36. Calculate the remainder when 192 is divided by j.
10
Let i = 8 - -6. Suppose -56 = -5*z + 74. What is the remainder when z is divided by (i - -1) + (-5)/5?
12
Suppose -3*v + 3 = -2*v. Let b be (2 - 4)/(2/v). Calculate the remainder when 6 is divided by (-2)/(b/(-6)*-1).
2
Let j = 3 + -5. Let u be j/(1 - (-26)/(-22)). Suppose -u - 7 = -2*y. What is the remainder when 17 is divided by y?
8
Let z(f) = f**3 - 8*f**2 + 6*f - 1. Suppose k - 6 = -0*k. Let b be z(k). Let l = -22 - b. What is the remainder when 44 is divided by l?
14
Let f(p) be the third derivative of p**4/6 - 3*p**3 + 9*p**2. Suppose 0 = h + 2*h - 210. What is the remainder when h is divided by f(9)?
16
Suppose 7*w - 3*w = 3*s + 1, -s = -w - 1. Calculate the remainder when -2*(-9)/6 + s is divided by 5.
3
Suppose -2*z + 110 = 5*g + 2*z, -4*z = 3*g - 74. Calculate the remainder when 33 is divided by g.
15
Let u(q) = 3*q - 13*q**2 - 4*q + 10 + 3. Let v(f) = -7*f**2 - f + 7. Let z(g) = 6*u(g) - 11*v(g). Calculate the remainder when z(5) is divided by 1.
0
Let g(q) = 6*q + 2. What is the remainder when g(2) is divided by 5?
4
Let k = -1 - -1. Suppose k = -6*b + 3*b + 24. Calculate the remainder when (-105)/6*4/(-5) is divided by b.
6
Suppose 0 = -2*j + j + 2. Suppose -10 = -2*a - 4*s - 0, -s + 4 = 0. Calculate the remainder when j is divided by 2 + 0*1/a.
0
Let f = 4 + -14. Let g = -3 - f. Let r(t) = 2*t**3 - 3*t**2 - 2*t + 4. What is the remainder when r(3) is divided by g?
4
Let v = 9 - 0. Let i(g) = -g**3 - 4*g**2 - 4*g - 1. What is the remainder when i(-4) is divided by v?
6
Let w = 21 - 13. Suppose 0 = 2*g - 3*a - 0*a - 27, 5*g = 5*a + 75. Suppose 0 = -5*x + g + 92. What is the remainder when x is divided by w?
6
Calculate the remainder when 18 is divided by (-4 - (-6 - -5))/(-1).
0
Let b(n) = -2*n + 0*n + 2 - n**2 + 2*n**2. What is the remainder when 0 - -48*6/9 is divided by b(-3)?
15
Let f be (-7*1/1)/1. Let a = -5 - f. Calculate the remainder when a is divided by 2.
0
Suppose b - 4*i - 19 = -0*i, 4*b + 3*i - 19 = 0. Suppose 0*j + j + 5*z = 14, -j - z = -18. Calculate the remainder when j is divided by b.
5
Let t = 99 - 93. Suppose 4*f - u - 48 = -5*u, -3*f + 30 = u. Calculate the remainder when f is divided by t.
3
Let p = 11 + -9. Let v(u) = -u + 3*u**2 + 0*u + 0*u - u**3. Calculate the remainder when 3 is divided by v(p).
1
Suppose 1 = q - 39. Suppose 0 = i + 4*i + 3*u - 90, -u = -4*i + 89. Calculate the remainder when q is divided by i.
19
Let b(a) = a**2 - 6*a - 7. Let k be b(7). Let i(g) = k*g + 30*g + 4*g. What is the remainder when i(1) is divided by 12?
10
Let j be 103*(-1 - (0 + -2)). Let m = 180 - j. Calculate the remainder when m is divided by 20.
17
Suppose 4*v - 3*w = 566, 0*w + 146 = v - 3*w. What is the remainder when 74 is divided by 3/2 + v/8?
17
Let v be 6/(-2)*2/(-2). Suppose 2*z = z + i + 7, -v*i + 3 = 3*z. Let s = 18 - 7. Calculate the remainder when s is divided by z.
3
Let l(v) = -3*v - 1. Let d(b) = -4*b - 21. Calculate the remainder when d(-19) is divided by l(-5).
13
Let c = 26 + -15. What is the remainder when 20 is divided by c?
9
Suppose -3*f = -7 - 74. What is the remainder when f is divided by 7?
6
Let i be -3 + 3 + 1*4. Suppose -113 = -i*j - 33. Calculate the remainder when 59 is divided by j.
19
Suppose -5*c = -3*g - 31, -3*g - 4 + 3 = c. Let p = c + 36. What is the remainder when p is divided by 11?
8
Suppose 3*u + 29 = 4*n, -n + 2*u + 14 = -u. Let o(g) be the second derivative of 7*g**3/6 + 28*g. What is the remainder when o(n) is divided by 18?
17
Let b(h) = h**2 + 4*h - 3. Let u = 72 + -19. Suppose -4*p = -5*o + 97, 0 = -2*o + 5*p + u - 4. What is the remainder when o is divided by b(2)?
8
Suppose -3*r + 71 = -1. Calculate the remainder when 47 is divided by r.
23
Let d(h) = h**3 + 6*h**2 + 4*h - 4. Let p be d(-5). Suppose -19 - p = -a. What is the remainder when a is divided by 7*(3 + 2)/5?
6
Let a(n) be the first derivative of 10*n**3/3 + n**2/2 - 1. Suppose -2*f = -3*p - 13, -5*p - 4*f - f + 20 = 0. What is the remainder when a(p) is divided by 5?
4
Suppose -i - 26 = -k + 1